prime factors of k/20*(3 + 18/4)?
2, 3
Let t be 7 + -10 + (-4)/2. Let d(v) = v**3 + 6*v**2 - 3*v - 4. List the prime factors of d(t).
2, 3
Let w(t) = 510*t - 64. List the prime factors of w(3).
2, 733
Suppose -h + 1844 = 3*h. Suppose 5*d = -3*k + 148 + h, d + 5*k = 113. What are the prime factors of d?
3, 41
Suppose 0 = -2*l + 6*l - 8. Let n be l/(12/(-3))*8. List the prime factors of 16 + n*(-4)/8.
2, 3
Suppose -f + 3764 = 4*j, 5*j - 4*f - 6054 = -1370. List the prime factors of j/6 - 65/39.
5, 31
Suppose -9*b = -8*b + 365. Let y = 575 + b. List the prime factors of y.
2, 3, 5, 7
Let z be 1 + (2 - (-1 + 0)). Suppose 500 = 4*v - z*k, 3*v - 3*k = 2*v + 117. Suppose 48 = -3*i + v. List the prime factors of i.
3
Let q = 99 + 258. List the prime factors of q.
3, 7, 17
Let p(o) = -61*o - 24*o - 26*o. What are the prime factors of p(-1)?
3, 37
Let w(y) = -y**2 + y - 1. Let f(u) = 16*u**2 - 3*u + 5. Let h(t) = f(t) + 4*w(t). List the prime factors of h(-1).
2, 3
Let a be -1 + (1 + 1 - 1). Suppose -127 = -5*g + 3*h, 3*g + g + 5*h - 72 = a. Suppose -c = -5*r - 67, -2*c + 150 = -3*r + g. List the prime factors of c.
2, 31
List the prime factors of (-2 + -1 + 13)/(64/4352).
2, 5, 17
Let f(c) = -c**3 - 12*c**2 + 12*c - 3. Let s be (-14 - (3 - 4)) + 0. Let v be f(s). List the prime factors of v/(-35) - 956/(-14).
2, 17
Let m(j) = -10*j**3 - 15*j**2 - 30*j - 8. List the prime factors of m(-7).
2897
Suppose -4*u + 5*k + 379 = 0, 4*u + 0*k - 387 = -3*k. Let q = u + -23. List the prime factors of q.
73
Suppose -33 = -z + 2*d, 3*z - 2*d - 34 = 45. Let x = 32 - z. What are the prime factors of x?
3
What are the prime factors of 173 + (-16)/(7 - 15)?
5, 7
Suppose 22*b = -22988 + 134154. What are the prime factors of b?
31, 163
Let q(u) = 79*u**2 + 24*u + 14. What are the prime factors of q(4)?
2, 3, 229
Let o(h) = -h**3 - h**2 + 5*h + 2. Let m be o(-3). Let q be 1 - (-140)/4 - 0. Suppose 5*c = 3*s - 55, 9 = 2*s + m*c - q. What are the prime factors of s?
2, 5
Let u(r) = 3*r**2 - 2*r. Let k be u(2). Suppose 5*n = k*n. Suppose 1 = 2*t - 1, n = -3*d - 3*t + 108. List the prime factors of d.
5, 7
Let l(t) = -20*t - 13. Let q(w) = 13*w + 9. Let p(d) = -5*l(d) - 8*q(d). Let c be p(-4). List the prime factors of (c - 15)/(0 + -1).
2, 3
Let g = 10 + -9. Let o be (2 + (-75 - 0))*g. Let y = -50 - o. What are the prime factors of y?
23
Let g be -1 + -2*((-1884)/8 + -4). Let d = -227 + g. List the prime factors of d.
251
Suppose 19*v - 804 = 7499. List the prime factors of v.
19, 23
Suppose -45 = -o - 2*o. Let w = 15 - o. Suppose w = f - 30 - 8. What are the prime factors of f?
2, 19
Let x = -6859 + 10272. What are the prime factors of x?
3413
Let v be 1/(-3) - 40/15. Let f be (-15)/v + -2 - -8. Suppose 0*s - 3*p - 23 = -s, p = -2*s + f. What are the prime factors of s?
2
Suppose 846 = y - 0*y - a, -846 = -y - a. What are the prime factors of y?
2, 3, 47
Let y(h) = 167*h - 25. List the prime factors of y(3).
2, 7, 17
Suppose -4*z + z + 2*y = -5666, 0 = -5*z - 2*y + 9438. List the prime factors of z/72 + (-2)/9.
2, 13
Suppose 3*p - z - 119 = 0, -2 = -2*z - 0. Let r = -15 + p. List the prime factors of r.
5
Let o = -32 + 32. Let m(r) = -r + 51. What are the prime factors of m(o)?
3, 17
Let z = 1310 + -755. What are the prime factors of z?
3, 5, 37
Suppose 0 = 3*s - 5*z + 1030, -z - 1692 = 5*s + 3*z. List the prime factors of (42/35)/((-4)/s).
2, 3, 17
Let j(t) = -t**3 - 8*t**2 - 5*t - 1. Suppose -6 = 3*c - 2*h, -2*h + 11 - 5 = -2*c. Suppose -4*a - a - 40 = c. List the prime factors of j(a).
3, 13
Let r = 24 - 19. Suppose s - 2*y - 63 = 0, -3*s + r*y = 2*y - 186. List the prime factors of s.
61
Suppose 2*w = -3*w + d - 593, w + 129 = -5*d. Let j = -67 - w. What are the prime factors of j?
2, 13
Suppose -f - 922 = -c, 3*f - 3479 = -3*c - 743. List the prime factors of c.
7, 131
Suppose 21*p = 7803 + 1374. List the prime factors of p.
19, 23
Suppose -922 - 2561 = -27*f. What are the prime factors of f?
3, 43
Let g be (4 - (-1 + 6))*42. Suppose 3*t - 115 = 74. Let z = g + t. List the prime factors of z.
3, 7
Let l(a) = -a**3 - 3*a**2 - 5*a + 451. List the prime factors of l(0).
11, 41
Suppose 0 = 4*p + p - 3*k - 332, -2*k + 248 = 4*p. What are the prime factors of p?
2
Let t be (-16)/((-3)/(-9)*-2). Let v = t + 7. What are the prime factors of v?
31
Let z(a) = -a - 35 + 67 - 5*a**2 - a**3 + 124 + 4*a**2. List the prime factors of z(0).
2, 3, 13
Let v(c) be the first derivative of 11*c**2/2 + 5*c + 5. Let g(x) = -120*x - 55. Let b(f) = -6*g(f) - 65*v(f). What are the prime factors of b(4)?
5
List the prime factors of (-9 - (-47637)/(-18))*-2.
47, 113
Let x(p) = 4*p**2 + 15*p - 4. What are the prime factors of x(-11)?
3, 5, 7
Let w be 2 - 1 - (1 + -1 - -1). What are the prime factors of (-1)/(1/(-157) + w)?
157
Let h(q) = -2*q**2 - 36*q + 10. Let d be h(-16). Suppose -3*g + 4*f + 151 = 0, -5*g + 5*f - d = -334. List the prime factors of g.
3, 19
List the prime factors of (-9 + (-70)/(-6))*6756/8.
2, 563
Let g(q) = 9*q + 5. Let x = 40 - 26. What are the prime factors of g(x)?
131
Let b(i) = 3*i**2 - 1 - 5*i - 1 + i**3 + 2 - 3. Let w be b(-3). Suppose o - 2*z - 9 - 4 = 0, w = 3*z. List the prime factors of o.
3, 7
Let w(p) = 2 - 6*p + 6*p + 2*p**2 - p. Let h be w(-3). Let v = 32 - h. List the prime factors of v.
3
Let h(q) = 9*q**2 - 6*q + 41. What are the prime factors of h(7)?
2, 5, 11
Let n(c) = 86*c**2 - 2*c - 5. List the prime factors of n(5).
5, 7, 61
Let g = 4 - -3. Let m be 30/(-9)*(4 - g). Suppose 3*l - m = l. List the prime factors of l.
5
Suppose 4*w - 1106 - 1310 = 0. What are the prime factors of w?
2, 151
Let y(c) = 55*c**2 + 13*c - 74. List the prime factors of y(6).
2, 31
Suppose -148 = q - u + 143, 879 = -3*q - 3*u. Let y be 3/(-9) - q/3. Let a = y + -37. List the prime factors of a.
2, 3, 5
Let l(a) = 14*a**2 + 7. Let p(y) = 1. Let t(x) = l(x) - 6*p(x). Let u be t(-1). Let b = 18 - u. What are the prime factors of b?
3
Suppose 3*j = -3*a + 21, -4*j + a = -a - 10. Suppose j*x - 2*r - 8 = 0, -2*r = r. Suppose -4*d - 13 = 3, -x*c = 5*d - 80. What are the prime factors of c?
2, 5
Suppose -3*d - 43 = 5*y - 0*y, 0 = 2*d - 8. Let q(o) = o**2 - o - 4. List the prime factors of q(y).
2
Suppose -6 = 7*a - 10*a. Suppose -v + 228 = 4*g, 0 = 4*v - 5*v - a*g + 224. What are the prime factors of v?
2, 5, 11
Suppose 0 = 4*s - 0*s + 16, 0 = -3*x - 3*s - 9. Suppose r - x = 5. What are the prime factors of r?
2, 3
Let b = 1843 + -1099. List the prime factors of b.
2, 3, 31
Let j = 15 - 7. Let g(u) = -u**2 + 9*u + 2. Let v be g(j). Suppose -3*h - 5*x + v = 0, -4*x + x - 12 = 0. List the prime factors of h.
2, 5
Suppose -3*b + v + 6 = b, -2*b - 3*v = -10. Suppose b*l = 45 - 21. What are the prime factors of l?
2, 3
Suppose -10 = d - 8. What are the prime factors of d/(-4) + -1 - (-1164)/8?
5, 29
Let d be (10 - -4) + (-1 - 3). Let o(s) = s**2 - 5*s - 7. What are the prime factors of o(d)?
43
List the prime factors of (-3995)/(-20) + (-15)/(-12) + -1.
2, 5
Suppose 3*z + 5*j = 100, 3*z = -4*j + 42 + 56. Suppose 5*p = z - 5. Suppose 16 = p*l - 244. List the prime factors of l.
2, 13
Suppose s - 2*m - 19 = 0, 5*s + 5*m = -0*s + 140. Suppose -2*i = -5*j + 22 - 3, -4*i - 3*j = s. Let c = i - -32. What are the prime factors of c?
5
List the prime factors of 26902/8 + 50/40.
2, 29
Let w = -188 + 318. List the prime factors of w.
2, 5, 13
Suppose 4*d = -3*b - 0*b + 107, 9 = b - 4*d. Let r = -9 + b. List the prime factors of r.
2, 5
Let w(v) be the first derivative of v**2/2 + 2*v - 9. What are the prime factors of w(4)?
2, 3
Let r be (912/30)/(2/15). Let m = -116 + r. List the prime factors of m.
2, 7
Suppose -271 = -t + 66. List the prime factors of t.
337
Let a = 2439 - 1330. What are the prime factors of a?
1109
Suppose 147 = -6*s + 4965. What are the prime factors of s?
11, 73
Let u = -229 - -436. What are the prime factors of u?
3, 23
Let k(w) be the first derivative of -w**4/4 + 11*w**3/3 - 9*w**2/2 + 2*w - 2. Let h(u) = -6*u - 2. Let q be h(-2). What are the prime factors of k(q)?
2, 3
Suppose 59*h - 1540 = 1587. Let j(a) = -a**3 + a**2 + 3. Let s be j(-4). Let w = s - h. List the prime factors of w.
2, 3, 5
Let z(x) = -x + 5. Let k be z(0). Suppose 2*o + 135 = k*o. List the prime fact